divided by 40.
37
What is the remainder when 1/(-2) + ((-1530)/(-20) - 3) is divided by 225/6*(20/(-6))/(-5)?
23
Calculate the remainder when 149 is divided by (-6 + (-342)/(-24))/(-1*(-2)/24).
50
Let h = 16617 + -16587. What is the remainder when h is divided by 48/21 - 2/7?
0
Let o(t) = 99*t**2 - 47*t + 102. What is the remainder when 3235 is divided by o(2)?
3
What is the remainder when 264 is divided by (332/(-830))/(1/(-615))?
18
Let h be 6/(-21) - (-1115)/7. Let b = h + -150. What is the remainder when b is divided by (-16)/(-6) - (-5)/15?
0
Suppose 4*f + 3*q + 29 = -33, 2*f - 4*q + 42 = 0. Let r = f + 27. Suppose -4*l = l - 445. What is the remainder when l is divided by r?
9
Let a = 11710 + -11657. Calculate the remainder when 994 is divided by a.
40
Suppose -5*a + 439 = 3*g, 7*a - 12*a + 10 = 0. What is the remainder when g is divided by 42?
17
Let m(u) = -3*u**3 - 168*u**2 + 9*u + 540. Calculate the remainder when 220 is divided by m(-56).
4
Suppose -p - 235 = -3. Let x = 247 + p. Calculate the remainder when 36 is divided by x.
6
Suppose 0 = 933*i - 1232876 - 2612017. Calculate the remainder when i is divided by 86.
79
Suppose 366*i + 129*i = 4880205. What is the remainder when i is divided by 17?
16
Let q(z) = -3*z**2 + 110*z - 700. Calculate the remainder when q(21) is divided by 23.
11
Let u = -583 - -1115. Suppose 0 = 60*d - u + 52. Let x = 9 + 12. Calculate the remainder when x is divided by d.
5
Suppose -2*h = 3*l - 143 + 7, 5*h = -5*l + 335. What is the remainder when 16053 is divided by h?
63
Suppose -3*j + 3114 = 9*q - 4*q, 2*j - 1870 = -3*q. What is the remainder when q is divided by 124?
122
Let n be (-57)/38 - (-537)/2. Suppose 0 = 3*x + y - n, 0*x - 5*x + 4*y + 428 = 0. What is the remainder when x is divided by 5?
3
Let l(f) = -f**3 + 17*f**2 - 8*f - 25. Let a be (0 + 24)*46/69. What is the remainder when 204 is divided by l(a)?
101
Suppose 17*g + 14 = 3*g. Let p = 30 + g. Calculate the remainder when 260 is divided by p.
28
Let p(j) = 31*j - 1. Let g be 4/2 + 0/5 + 0. Suppose -374 = -2*s + 4*d, -s - 4*d + g*d = -167. Calculate the remainder when s is divided by p(1).
27
Let k = 6366 + -6214. What is the remainder when k is divided by 16?
8
What is the remainder when (-2 - (-3731)/(-78))*(2 + -8) is divided by 24?
11
Calculate the remainder when 700 is divided by (17 - 26/22) + 6/33.
12
Let c be (-9)/(90/(-8))*20. Suppose -14*j = 2*x - c*j - 88, -j = 3. What is the remainder when 122 is divided by x?
40
Let g(a) = a**2 + a - 1. Let i(c) = -2*c**2 - 3*c + 49. Let y(z) = 3*g(z) + i(z). Calculate the remainder when y(0) is divided by (-8)/12*(-26 - -2).
14
Suppose -2*h = -14*o + 9*o + 68, -h - 64 = -5*o. What is the remainder when 573*(-1)/9*-3 is divided by o?
11
Calculate the remainder when (-2768)/(-10) + (-1710)/(-1425) is divided by 16.
6
Let l(o) = 1555*o + 4673. What is the remainder when 1223 is divided by l(-3)?
7
Let p(z) = -z**2 + 2*z + 1. Let o = 30 + -33. Let r be p(o). Let d = 11 - r. Calculate the remainder when d is divided by 10.
5
Let b(j) = j**3 - 4*j**2 - 6*j + 64. What is the remainder when 451 is divided by b(5)?
38
Calculate the remainder when 988 is divided by 511/(-1022)*(-22)/(-1)*-10*1.
108
What is the remainder when 225 is divided by (23/(3220/224))/(1/25)?
25
Let r = -21961 - -22004. Let x(p) = -p + 171. Calculate the remainder when x(0) is divided by r.
42
Let j be 1*-1 - 16/4 - -8. Calculate the remainder when 10/(-15)*(198/(-4))/j is divided by 5.
1
Suppose -4*r = -3*p - 294, -44*p + 40*p = 5*r - 321. Calculate the remainder when 472 is divided by r.
58
Suppose 5*b - 5*l = 1995, 0 = 5*b - l - 1056 - 931. Calculate the remainder when b is divided by 40.
37
Calculate the remainder when 153 is divided by 14/(-42)*59*-3.
35
Suppose 3*m - 5*a - 227 = 0, -8*m = -5*m - 3*a - 225. What is the remainder when 584 is divided by m?
66
What is the remainder when 852 is divided by 284/(((-45)/(-60))/((-18)/40) - -3)?
0
Suppose 723*o - 724*o = 5*n - 41, -3*o - 57 = -5*n. Let a = -444 + 1010. Calculate the remainder when a is divided by n.
8
Let o(z) = -3*z - 18. Let a = -29 + 76. Suppose a = 8*s + 167. What is the remainder when 132 is divided by o(s)?
24
Let r = -5 - -11. Let m(j) = -19*j**2 - 152*j + 5. Let p be m(-8). Suppose 5 = 55*w - 54*w, p*l - 265 = 4*w. What is the remainder when l is divided by r?
3
Let a(g) = 2*g**2 - 3*g + 1. Let b be a(10). Suppose j = 4*h - 0*j - b, 0 = -4*h - 4*j + 156. What is the remainder when 82 is divided by h?
40
Suppose -232922 = 91*i - 1492544. What is the remainder when i is divided by 39?
36
Let i = 968 - 934. What is the remainder when 5405 is divided by i?
33
Let h(c) = 3*c + 9. Let j be h(-10). Let n(d) = -8*d + 55. What is the remainder when n(j) is divided by ((-25)/(-4))/(-1 + 10/8)?
23
Let x be (-9)/(-18) + 852/8. Suppose 0 = 47*w - 46*w - x. What is the remainder when w is divided by 18?
17
Let c(d) = 18*d - 116. Let q = -353 + 360. What is the remainder when c(q) is divided by 2?
0
What is the remainder when 2261 is divided by 12*850/390 - 1/(39/6)?
25
Let k(v) = 3*v**2 - 8*v + 11. Suppose -42 = -29*l + 15*l. Calculate the remainder when 65 is divided by k(l).
9
Let o(s) = s**3 + 16*s**2 - 3*s + 6. Suppose -5*h = -2*g + 247 + 76, -4*g - 3*h = -633. What is the remainder when g is divided by o(-16)?
51
Let w(y) = -3*y**3 - y + 1. Let p be w(-1). Let j(d) = -20*d + 10. Let g be j(-10). Suppose -x = p*x - g. Calculate the remainder when x is divided by 13.
9
Let i(a) = 85*a + 5. Let p be i(1). Let n = 99 - p. What is the remainder when 30 is divided by n?
3
Suppose 2145 = 147*d - 82*d. What is the remainder when 249 is divided by d?
18
Let r(x) = 2*x**3 - x**2 - 5*x + 4. Let v = -375 - -668. Let s = v - 243. What is the remainder when r(4) is divided by s?
46
Suppose 860 + 380 = 4*b. Suppose -8*n = -b - 90. Let w = n - -31. Calculate the remainder when w is divided by 12.
9
Let u(f) = -371*f - 526. Calculate the remainder when 4751 is divided by u(-2).
215
What is the remainder when (-29 + 8034)/(4 + 9/(-6)*2) is divided by 11?
8
Suppose -28*w - 304 = -3*u - 30*w, -2*u = -w - 198. What is the remainder when 129 is divided by u?
29
Let g = -253 + 245. Suppose 0 = -2*r - 2*r + 88. Calculate the remainder when g/(-6)*1188/48 is divided by r.
11
Calculate the remainder when 1374 is divided by (0*(-4)/28)/(-2 + 4) + 99.
87
Let s be (-21612)/(-30) - (-8)/(-20). Suppose -3*y = -12*y + s. What is the remainder when y is divided by 42?
38
Suppose d - 3*k - 47 = 50, -5*k = 0. Suppose -q - d = -4*z, 2*q = -2*z + q + 53. Let v = z + 62. Calculate the remainder when v is divided by 18.
15
Suppose -149 = 141*z - 9742 + 1556. What is the remainder when 140 is divided by z?
26
Suppose 4*h = -5*v + 6214, -29*h - 1553 = -30*h - v. What is the remainder when h is divided by 38?
31
Suppose 3*s - 3 = -4*d, 2*s + 2 = 2*d + 18. Suppose 2*y - 147 = -s*y. What is the remainder when y is divided by 11?
10
Let k(w) = w - 2*w - 6*w. Let y be (-1)/(-3) + 120/(-36). Calculate the remainder when k(y) is divided by 12.
9
Let k be (-30)/12 - (-11)/2. Suppose -k*j - p = -938, -5*j + 6*j + p = 310. What is the remainder when j is divided by 35?
34
Let u(o) = -15*o + 38. Let q be u(8). What is the remainder when 4 + -9 + (-7 - q) is divided by 26?
18
Calculate the remainder when (15/(-12))/((-5)/17620 + 0) is divided by 68.
53
Let i = 23 - 26. Let a be ((-15)/(-10))/i*-136. Suppose 9*m + a = 10*m. Calculate the remainder when m is divided by 10.
8
Suppose 40*q - 85412 = -43*q + 171971. Calculate the remainder when q is divided by 94.
93
Let n be 24/(-10)*(-100)/20. Let x = 13 - n. What is the remainder when 31 is divided by x*36/(-21)*-7?
7
Calculate the remainder when 265 is divided by ((-4)/18)/2 - 7/315*-815.
13
Suppose -14 = -2*s - 4*l, -3*s - 138*l = -134*l - 27. Suppose -3*f = 3*x + f - 39, 2*x - f = 26. Calculate the remainder when s is divided by x.
0
Let p = -26 + 69. Suppose 14*q = 13*q + p. Suppose -q*l + 51*l = 72. What is the remainder when 41 is divided by l?
5
Let u(s) = 21*s - 787. Let m(t) = t**2 + 3*t + 1. Let q be m(-4). What is the remainder when (-183)/(-6) + q/10 is divided by u(38)?
9
Let l(f) = -109*f + 50. Calculate the remainder when l(-1) is divided by 11.
5
Sup